{"id":1801,"date":"2023-06-15T10:00:42","date_gmt":"2023-06-15T08:00:42","guid":{"rendered":"https:\/\/www.grundschule-hooksiel.de\/wordpress\/?page_id=1801"},"modified":"2023-06-15T12:51:50","modified_gmt":"2023-06-15T10:51:50","slug":"ganztag","status":"publish","type":"page","link":"https:\/\/www.grundschule-hooksiel.de\/wordpress\/unsere-schule\/ganztag\/","title":{"rendered":"Ganztag"},"content":{"rendered":"\n<p><strong>\u201eOffene Ganztagsschule\u201c<\/strong><\/p>\n\n\n\n<p>Wir freuen uns, unseren Sch\u00fclerinnen und Sch\u00fclern seit Beginn des Schuljahres 2014\/2015 eine &#8222;Offene Ganztagsschule&#8220; an <strong>drei Tagen<\/strong> anbieten zu k\u00f6nnen. <\/p>\n\n\n\n<p>Alle Kinder unserer Grundschule haben nun die M\u00f6glichkeit, im Anschluss an den Vormittagsunterricht ein Nachmittagsangebot zu besuchen. Die Nachmittagsbetreuung besteht aus einem gemeinsamen Mittagessen, der Hausaufgabenbetreuung, Ruhe- und Spielzeit, sowie Sport- und Bildungsangeboten in AG-Form. Die Ganztagsangebote sind in der Regel kostenfrei. Es fallen lediglich Kosten f\u00fcr das Mittagessen an.\u00a0<\/p>\n\n\n\n<p>Der Ganztagsbetrieb findet am Dienstag, Mittwoch und Donnerstag jeweils bis 15.30 Uhr statt. <br>Das Anmeldeverfahren wird von der Grundschule Hooksiel jeweils vor den Schulhalbjahren bekannt gegeben. Die Terminvorgaben der Grundschule sind immer einzuhalten. Die Erziehungsberechtigten m\u00fcssen ihr Kind schriftlich f\u00fcr die Teilnahme am Ganztagsbetrieb anmelden. <br>Die Anmeldung ist f\u00fcr ein halbes Jahr verbindlich. Nachmeldungen\/Abmeldungen oder Ummeldungen k\u00f6nnen nur in Ausnahmef\u00e4llen aus zwingenden privaten oder beruflichen Gr\u00fcnden gestattet werden (Nachweis). <br>Die entstehenden Kosten f\u00fcr das Mittagessen werden direkt zwischen der Gemeinde Wangerland und Ihnen abgerechnet.<\/p>\n","protected":false},"excerpt":{"rendered":"<p>\u201eOffene Ganztagsschule\u201c Wir freuen uns, unseren Sch\u00fclerinnen und Sch\u00fclern seit Beginn des Schuljahres 2014\/2015 eine &#8222;Offene Ganztagsschule&#8220; an drei Tagen anbieten zu k\u00f6nnen. Alle Kinder unserer Grundschule haben nun die M\u00f6glichkeit, im Anschluss an den Vormittagsunterricht ein Nachmittagsangebot zu besuchen. Die Nachmittagsbetreuung besteht aus einem gemeinsamen Mittagessen, der Hausaufgabenbetreuung, Ruhe- und Spielzeit, sowie Sport- und &hellip; <\/p>\n<p><a class=\"more-link btn\" href=\"https:\/\/www.grundschule-hooksiel.de\/wordpress\/unsere-schule\/ganztag\/\">Weiterlesen<\/a><\/p>\n","protected":false},"author":1,"featured_media":0,"parent":1799,"menu_order":2,"comment_status":"closed","ping_status":"closed","template":"","meta":{"ngg_post_thumbnail":0,"footnotes":""},"class_list":["post-1801","page","type-page","status-publish","hentry","nodate","item-wrap"],"_links":{"self":[{"href":"https:\/\/www.grundschule-hooksiel.de\/wordpress\/wp-json\/wp\/v2\/pages\/1801","targetHints":{"allow":["GET"]}}],"collection":[{"href":"https:\/\/www.grundschule-hooksiel.de\/wordpress\/wp-json\/wp\/v2\/pages"}],"about":[{"href":"https:\/\/www.grundschule-hooksiel.de\/wordpress\/wp-json\/wp\/v2\/types\/page"}],"author":[{"embeddable":true,"href":"https:\/\/www.grundschule-hooksiel.de\/wordpress\/wp-json\/wp\/v2\/users\/1"}],"replies":[{"embeddable":true,"href":"https:\/\/www.grundschule-hooksiel.de\/wordpress\/wp-json\/wp\/v2\/comments?post=1801"}],"version-history":[{"count":3,"href":"https:\/\/www.grundschule-hooksiel.de\/wordpress\/wp-json\/wp\/v2\/pages\/1801\/revisions"}],"predecessor-version":[{"id":1865,"href":"https:\/\/www.grundschule-hooksiel.de\/wordpress\/wp-json\/wp\/v2\/pages\/1801\/revisions\/1865"}],"up":[{"embeddable":true,"href":"https:\/\/www.grundschule-hooksiel.de\/wordpress\/wp-json\/wp\/v2\/pages\/1799"}],"wp:attachment":[{"href":"https:\/\/www.grundschule-hooksiel.de\/wordpress\/wp-json\/wp\/v2\/media?parent=1801"}],"curies":[{"name":"wp","href":"https:\/\/api.w.org\/{rel}","templated":true}]}}