{"id":1828,"date":"2023-06-15T10:30:49","date_gmt":"2023-06-15T08:30:49","guid":{"rendered":"https:\/\/www.grundschule-hooksiel.de\/wordpress\/?page_id=1828"},"modified":"2024-11-29T16:40:35","modified_gmt":"2024-11-29T15:40:35","slug":"startseite","status":"publish","type":"page","link":"https:\/\/www.grundschule-hooksiel.de\/wordpress\/","title":{"rendered":"Startseite"},"content":{"rendered":"\n<h2 class=\"wp-block-heading\">Herzlich willkommen<\/h2>\n\n\n\n<p>auf der Webseite der Grundschule in Hooksiel! Unsere Internetseite soll Ihnen einen ersten Einblick \u00fcber die grunds\u00e4tzlichen Abl\u00e4ufe in unserer Schule geben. Sie finden hier allgemeine Informationen, wie unsere Unterrichts- und Pausenzeiten, aber auch wichtige und interessante Neuigkeiten rund um unser Schulleben.<\/p>\n\n\n\n<div style=\"height:47px\" aria-hidden=\"true\" class=\"wp-block-spacer\"><\/div>\n\n\n\n<h2 class=\"wp-block-heading\">Schulleben<\/h2>\n\n\n<ul class=\"wp-block-latest-posts__list is-grid columns-4 wp-block-latest-posts\"><li><div class=\"wp-block-latest-posts__featured-image\"><a href=\"https:\/\/www.grundschule-hooksiel.de\/wordpress\/2026\/04\/12\/wir-nennen-ihn-nussi\/\" aria-label=\"&#8222;Wir nennen ihn Nussi&#8220;\"><img loading=\"lazy\" decoding=\"async\" width=\"150\" height=\"150\" src=\"https:\/\/www.grundschule-hooksiel.de\/wordpress\/wp-content\/uploads\/2026\/04\/signal-2026-04-08-192433-150x150.jpeg\" class=\"attachment-thumbnail size-thumbnail wp-post-image\" alt=\"\" style=\"\" \/><\/a><\/div><a class=\"wp-block-latest-posts__post-title\" href=\"https:\/\/www.grundschule-hooksiel.de\/wordpress\/2026\/04\/12\/wir-nennen-ihn-nussi\/\">&#8222;Wir nennen ihn Nussi&#8220;<\/a><div class=\"wp-block-latest-posts__post-excerpt\">Herr Nussbaum hat sich zum Abschied von unserer Schule etwas besonderes einfallen lassen: Er hat der Schule einen h\u00f6lzernen Nussbaum geschenkt. Heute hat die Garten-AG &hellip; <\/p><p><a class=\"more-link btn\" href=\"https:\/\/www.grundschule-hooksiel.de\/wordpress\/2026\/04\/12\/wir-nennen-ihn-nussi\/\">Weiterlesen<\/a><\/div><\/li>\n<li><div class=\"wp-block-latest-posts__featured-image\"><a href=\"https:\/\/www.grundschule-hooksiel.de\/wordpress\/2026\/04\/12\/abschied-von-unserem-schulleiter-peter-nussbaum\/\" aria-label=\"Abschied von unserem Schulleiter Peter Nussbaum\"><img loading=\"lazy\" decoding=\"async\" width=\"150\" height=\"150\" src=\"https:\/\/www.grundschule-hooksiel.de\/wordpress\/wp-content\/uploads\/2026\/04\/IMG_0002-150x150.jpeg\" class=\"attachment-thumbnail size-thumbnail wp-post-image\" alt=\"\" style=\"\" \/><\/a><\/div><a class=\"wp-block-latest-posts__post-title\" href=\"https:\/\/www.grundschule-hooksiel.de\/wordpress\/2026\/04\/12\/abschied-von-unserem-schulleiter-peter-nussbaum\/\">Abschied von unserem Schulleiter Peter Nussbaum<\/a><div class=\"wp-block-latest-posts__post-excerpt\">Nun war er da \u2013 der Tag des Abschieds. Nach drei Jahren an der Grundschule Hooksiel verl\u00e4sst unser Schulleiter Peter Nu\u00dfbaum gemeinsam mit seinem Mann &hellip; <\/p><p><a class=\"more-link btn\" href=\"https:\/\/www.grundschule-hooksiel.de\/wordpress\/2026\/04\/12\/abschied-von-unserem-schulleiter-peter-nussbaum\/\">Weiterlesen<\/a><\/div><\/li>\n<li><a class=\"wp-block-latest-posts__post-title\" href=\"https:\/\/www.grundschule-hooksiel.de\/wordpress\/2026\/04\/08\/projektwoche-zeitreise-an-der-grundschule-hooksiel\/\">Projektwoche \u201eZeitreise\u201c an der Grundschule Hooksiel<\/a><div class=\"wp-block-latest-posts__post-excerpt\">Eine spannende Reise durch die Zeit erlebten die Kinder der Grundschule Hooksiel w\u00e4hrend der diesj\u00e4hrigen Projektwoche unter dem Motto \u201eZeitreise\u201c. Vier Tage lang \u00f6ffneten die &hellip; <\/p><p><a class=\"more-link btn\" href=\"https:\/\/www.grundschule-hooksiel.de\/wordpress\/2026\/04\/08\/projektwoche-zeitreise-an-der-grundschule-hooksiel\/\">Weiterlesen<\/a><\/div><\/li>\n<li><a class=\"wp-block-latest-posts__post-title\" href=\"https:\/\/www.grundschule-hooksiel.de\/wordpress\/2026\/02\/18\/bunte-karnevalsparty-an-der-grundschule-hooksiel\/\">Bunte Karnevalsparty an der Grundschule Hooksiel<\/a><div class=\"wp-block-latest-posts__post-excerpt\">Am Rosenmontag herrschte in der Grundschule Hooksiel einmal wieder Ausnahmezustand \u2013 im allerbesten Sinne! Die gesamte Schule war au\u00dfer Rand und Band und feierte gemeinsam &hellip; <\/p><p><a class=\"more-link btn\" href=\"https:\/\/www.grundschule-hooksiel.de\/wordpress\/2026\/02\/18\/bunte-karnevalsparty-an-der-grundschule-hooksiel\/\">Weiterlesen<\/a><\/div><\/li>\n<\/ul>\n\n\n<div class=\"wp-block-buttons is-layout-flex wp-block-buttons-is-layout-flex\">\n<div class=\"wp-block-button is-style-outline is-style-outline--1\"><a class=\"wp-block-button__link wp-element-button\" href=\"https:\/\/www.grundschule-hooksiel.de\/wordpress\/schulleben\/\">alle Beitr\u00e4ge<\/a><\/div>\n<\/div>\n","protected":false},"excerpt":{"rendered":"<p>Herzlich willkommen auf der Webseite der Grundschule in Hooksiel! Unsere Internetseite soll Ihnen einen ersten Einblick \u00fcber die grunds\u00e4tzlichen Abl\u00e4ufe in unserer Schule geben. Sie finden hier allgemeine Informationen, wie unsere Unterrichts- und Pausenzeiten, aber auch wichtige und interessante Neuigkeiten rund um unser Schulleben. Schulleben<\/p>\n","protected":false},"author":1,"featured_media":0,"parent":0,"menu_order":1,"comment_status":"closed","ping_status":"closed","template":"","meta":{"ngg_post_thumbnail":0,"footnotes":""},"class_list":["post-1828","page","type-page","status-publish","hentry","nodate","item-wrap"],"_links":{"self":[{"href":"https:\/\/www.grundschule-hooksiel.de\/wordpress\/wp-json\/wp\/v2\/pages\/1828","targetHints":{"allow":["GET"]}}],"collection":[{"href":"https:\/\/www.grundschule-hooksiel.de\/wordpress\/wp-json\/wp\/v2\/pages"}],"about":[{"href":"https:\/\/www.grundschule-hooksiel.de\/wordpress\/wp-json\/wp\/v2\/types\/page"}],"author":[{"embeddable":true,"href":"https:\/\/www.grundschule-hooksiel.de\/wordpress\/wp-json\/wp\/v2\/users\/1"}],"replies":[{"embeddable":true,"href":"https:\/\/www.grundschule-hooksiel.de\/wordpress\/wp-json\/wp\/v2\/comments?post=1828"}],"version-history":[{"count":10,"href":"https:\/\/www.grundschule-hooksiel.de\/wordpress\/wp-json\/wp\/v2\/pages\/1828\/revisions"}],"predecessor-version":[{"id":1876,"href":"https:\/\/www.grundschule-hooksiel.de\/wordpress\/wp-json\/wp\/v2\/pages\/1828\/revisions\/1876"}],"wp:attachment":[{"href":"https:\/\/www.grundschule-hooksiel.de\/wordpress\/wp-json\/wp\/v2\/media?parent=1828"}],"curies":[{"name":"wp","href":"https:\/\/api.w.org\/{rel}","templated":true}]}}