{"id":212,"date":"2015-12-01T09:42:44","date_gmt":"2015-12-01T08:42:44","guid":{"rendered":"http:\/\/www.grundschule-hooksiel.de\/wordpress\/?page_id=212"},"modified":"2025-11-17T13:27:20","modified_gmt":"2025-11-17T12:27:20","slug":"foerderverein-2","status":"publish","type":"page","link":"https:\/\/www.grundschule-hooksiel.de\/wordpress\/foerderverein-2\/","title":{"rendered":"F\u00f6rderverein"},"content":{"rendered":"\n\n\n<figure class=\"wp-block-image size-large\"><a href=\"https:\/\/www.grundschule-hooksiel.de\/wordpress\/wp-content\/uploads\/2025\/06\/Gruppenbild-Vorstand-2025.jpg\"><img loading=\"lazy\" decoding=\"async\" width=\"1024\" height=\"768\" src=\"https:\/\/www.grundschule-hooksiel.de\/wordpress\/wp-content\/uploads\/2025\/06\/Gruppenbild-Vorstand-2025-1024x768.jpg\" alt=\"\" class=\"wp-image-2317\" srcset=\"https:\/\/www.grundschule-hooksiel.de\/wordpress\/wp-content\/uploads\/2025\/06\/Gruppenbild-Vorstand-2025-1024x768.jpg 1024w, https:\/\/www.grundschule-hooksiel.de\/wordpress\/wp-content\/uploads\/2025\/06\/Gruppenbild-Vorstand-2025-300x225.jpg 300w, https:\/\/www.grundschule-hooksiel.de\/wordpress\/wp-content\/uploads\/2025\/06\/Gruppenbild-Vorstand-2025-768x576.jpg 768w, https:\/\/www.grundschule-hooksiel.de\/wordpress\/wp-content\/uploads\/2025\/06\/Gruppenbild-Vorstand-2025-1536x1152.jpg 1536w, https:\/\/www.grundschule-hooksiel.de\/wordpress\/wp-content\/uploads\/2025\/06\/Gruppenbild-Vorstand-2025-903x677.jpg 903w, https:\/\/www.grundschule-hooksiel.de\/wordpress\/wp-content\/uploads\/2025\/06\/Gruppenbild-Vorstand-2025.jpg 2048w\" sizes=\"auto, (max-width: 1024px) 100vw, 1024px\" \/><\/a><\/figure>\n\n\n<p><span style=\"font-size: 12pt;\">Seit vielen Jahren unterst\u00fctzt der F\u00f6rderverein der Grundschule Hooksiel aktiv unsere Arbeit. Verschiedene Projekte hat der F\u00f6rderverein mit getragen oder initiiert. So beteiligt er sich z.B. an den Kosten f\u00fcr die Busfahrten zum Schwimmbad, finanziert Schulveranstaltungen und Theaterprojekte oder unterst\u00fctzt uns finanziell bei Anschaffungen, f\u00fcr die keine \u00f6ffentlichen Mittel zur Verf\u00fcgung stehen.<br><\/span><\/p>\n<p><span style=\"font-size: 12pt;\">Damit der F\u00f6rderverein auch in Zukunft seine Aufgaben zum Wohle aller Kinder unserer Grundschule ausf\u00fchren kann, ist er auf die Hilfe der Schulgemeinschaft angewiesen. Unterst\u00fctzen Sie den Verein durch Ihren Beitritt. Als Mitglied haben Sie die M\u00f6glichkeit, das Schulleben aktiv mitzugestalten. Sie werden zu Mitgliederversammlungen eingeladen und entscheiden mit Ihrem Stimmrecht \u00fcber die Wahl des Vorstandes.<\/span><\/p>\n<p>&nbsp;<\/p>\n<p><span style=\"font-size: 12pt;\">Mitglied werden Sie bereits mit einem Beitrag von 1,00 \u20ac pro Monat (12,00 \u20ac&nbsp;pro Kalenderjahr). Der Jahresbeitrag ist gering, steuerlich absetzbar und hilfreich.<br><\/span><\/p>\n<p><span style=\"font-size: 12pt;\">Weiter unten finden Sie die &nbsp;Beitrittserkl\u00e4rung&nbsp;zum Download. Das Formular kann entweder direkt beim F\u00f6rderverein eingereicht oder im Sekretariat der Grundschule abgegeben werden.<\/span><\/p>\n<p><span style=\"font-size: 12pt;\"><br>Wir danken allen Mitgliedern f\u00fcr ihre wertvolle Unterst\u00fctzung.<\/span><\/p>\n<p><span style=\"font-size: 12pt; font-family: arial,helvetica,sans-serif;\"><br>Kontakt:<\/span><\/p>\n<p><span style=\"font-size: 12pt; font-family: arial,helvetica,sans-serif;\">F\u00f6rderverein der Grundschule Hooksiel<\/span><br><span style=\"font-size: 12pt; font-family: arial,helvetica,sans-serif;\">1. Vorsitzender Tobias Geisen<\/span><br><span style=\"font-size: 12pt; font-family: arial,helvetica,sans-serif;\">Hamburger Stra\u00dfe 23<\/span><br><span style=\"font-size: 12pt; font-family: arial,helvetica,sans-serif;\">26434 Wangerland<br>E-Mail Adresse: toge@nojalu-gmbh.de<br>E-Mail Adresse: foerderverein@grundschule-hooksiel.de<\/span><\/p>\n\n\n<div data-wp-interactive=\"core\/file\" class=\"wp-block-file\"><object data-wp-bind--hidden=\"!state.hasPdfPreview\" hidden class=\"wp-block-file__embed\" data=\"https:\/\/www.grundschule-hooksiel.de\/wordpress\/wp-content\/uploads\/2025\/11\/Vorlage-Beitrittserklaerung-2.pdf\" type=\"application\/pdf\" style=\"width:100%;height:600px\" aria-label=\"Einbettung von Vorlage Beitrittserkl\u00e4rung-2.\"><\/object><a id=\"wp-block-file--media-06695bc7-93fc-4369-bb20-1ed8093e6b0d\" href=\"https:\/\/www.grundschule-hooksiel.de\/wordpress\/wp-content\/uploads\/2025\/11\/Vorlage-Beitrittserklaerung-2.pdf\">Vorlage Beitrittserkl\u00e4rung-2<\/a><a href=\"https:\/\/www.grundschule-hooksiel.de\/wordpress\/wp-content\/uploads\/2025\/11\/Vorlage-Beitrittserklaerung-2.pdf\" class=\"wp-block-file__button wp-element-button\" download aria-describedby=\"wp-block-file--media-06695bc7-93fc-4369-bb20-1ed8093e6b0d\">Herunterladen<\/a><\/div>\n","protected":false},"excerpt":{"rendered":"<p>Seit vielen Jahren unterst\u00fctzt der F\u00f6rderverein der Grundschule Hooksiel aktiv unsere Arbeit. Verschiedene Projekte hat der F\u00f6rderverein mit getragen oder initiiert. So beteiligt er sich z.B. an den Kosten f\u00fcr die Busfahrten zum Schwimmbad, finanziert Schulveranstaltungen und Theaterprojekte oder unterst\u00fctzt uns finanziell bei Anschaffungen, f\u00fcr die keine \u00f6ffentlichen Mittel zur Verf\u00fcgung stehen. Damit der F\u00f6rderverein &hellip; <\/p>\n<p><a class=\"more-link btn\" href=\"https:\/\/www.grundschule-hooksiel.de\/wordpress\/foerderverein-2\/\">Weiterlesen<\/a><\/p>\n","protected":false},"author":1,"featured_media":0,"parent":0,"menu_order":10,"comment_status":"closed","ping_status":"closed","template":"","meta":{"ngg_post_thumbnail":0,"footnotes":""},"class_list":["post-212","page","type-page","status-publish","hentry","nodate","item-wrap"],"_links":{"self":[{"href":"https:\/\/www.grundschule-hooksiel.de\/wordpress\/wp-json\/wp\/v2\/pages\/212","targetHints":{"allow":["GET"]}}],"collection":[{"href":"https:\/\/www.grundschule-hooksiel.de\/wordpress\/wp-json\/wp\/v2\/pages"}],"about":[{"href":"https:\/\/www.grundschule-hooksiel.de\/wordpress\/wp-json\/wp\/v2\/types\/page"}],"author":[{"embeddable":true,"href":"https:\/\/www.grundschule-hooksiel.de\/wordpress\/wp-json\/wp\/v2\/users\/1"}],"replies":[{"embeddable":true,"href":"https:\/\/www.grundschule-hooksiel.de\/wordpress\/wp-json\/wp\/v2\/comments?post=212"}],"version-history":[{"count":18,"href":"https:\/\/www.grundschule-hooksiel.de\/wordpress\/wp-json\/wp\/v2\/pages\/212\/revisions"}],"predecessor-version":[{"id":2414,"href":"https:\/\/www.grundschule-hooksiel.de\/wordpress\/wp-json\/wp\/v2\/pages\/212\/revisions\/2414"}],"wp:attachment":[{"href":"https:\/\/www.grundschule-hooksiel.de\/wordpress\/wp-json\/wp\/v2\/media?parent=212"}],"curies":[{"name":"wp","href":"https:\/\/api.w.org\/{rel}","templated":true}]}}